r*y + 28 + 72. List the prime factors of x.
2, 13
Let y(j) be the first derivative of -j**3/3 - 27*j**2/2 - 8*j + 83. What are the prime factors of y(-9)?
2, 7, 11
Let k(b) be the second derivative of -31*b**3/6 - 3*b**2/2 + b. Let h(f) = -34*f + 235. Let l be h(7). List the prime factors of k(l).
2, 3, 5
What are the prime factors of -1*((-563635)/75 - 8/(-60))?
3, 5, 167
Let r(b) = -b + 1. Let y(n) = 15*n - 3. Let x(g) = -12*r(g) - y(g). Let w be x(-4). What are the prime factors of w/2*(3 + 538/6)?
139
Let y(a) = 1221*a - 632. List the prime factors of y(10).
2, 7, 827
Let r(a) be the first derivative of -a**2 + 38*a - 39. List the prime factors of r(-21).
2, 5
Let s(y) = y**2 - 4*y + 5. Let a be s(5). Suppose 114*v = 109*v + 10. Suppose -v*j = a, 347 = 2*n - 5*j - 0*j. What are the prime factors of n?
7, 23
Let y(v) = 4*v**3 - 5*v**2 + 3*v + 22. Let h be y(6). Let x = -111 + h. Suppose 0 = n - 5*n - 4, -5*n - x = -4*f. What are the prime factors of f?
2, 19
Let a = -165 + 154. List the prime factors of (114/(-9))/(a/198).
2, 3, 19
Suppose -4*g - 5*a + 34336 = 0, -3*g + 18*a - 17*a + 25771 = 0. List the prime factors of g.
3, 7, 409
Suppose 9482 = -5*h + 27*h. Let x = 1784 - h. What are the prime factors of x?
3, 11, 41
Suppose -10*l + 27 = -l. Suppose f - 3*d = 11, -4*d - l - 5 = 0. Suppose 3*p + 6*y - 268 = y, 5*y - 460 = -f*p. List the prime factors of p.
2, 3
Let k be (6/(-7))/(14/(-196)). What are the prime factors of (36/(-45)*k)/(4/(-470))?
2, 3, 47
Let z be (-2)/16 + 147/24 + -3. Suppose -763 = z*u - 1963. List the prime factors of u.
2, 5
List the prime factors of (-1 + 0)*(23085/(-5) - -14).
4603
Let a(h) be the first derivative of 5*h + 25 - 7*h - 8*h + 2*h + 3*h**2. List the prime factors of a(12).
2
Suppose -u + 32328 = 2*f, -4*f + 32328 = 210*u - 209*u. List the prime factors of u.
2, 3, 449
Let k(u) be the first derivative of -u**4/4 - 32*u**3/3 - u**2 - 34*u - 27. Let a be k(-32). Suppose -a + 4 = -2*p. What are the prime factors of p?
13
Suppose 5*h - 1 = 4*c - 7, -3*c + 2 = -5*h. What are the prime factors of c/(-1 + 3 + (-9464)/4746)?
2, 3, 113
Suppose 2*h = d + 10, 3*h - 7*h = 5*d - 6. What are the prime factors of (h - (-4 + 3)) + 484?
3, 163
Suppose 11*n = -3*n + 7906 + 24868. List the prime factors of n.
2341
Let d(j) = -j**3 + j**2 + j + 27. Let p be d(0). Suppose 2*h - p = -139. Let s = 43 - h. What are the prime factors of s?
3, 11
Let j be 15 + -12 + (1 - -784). Suppose f + 2*s - 396 = 0, 2*f - 28*s + 31*s - j = 0. What are the prime factors of f?
2, 97
Let h(j) be the second derivative of 11*j**3/6 - 8*j**2 + 5*j - 1. List the prime factors of h(12).
2, 29
Let x = 29 - 26. Suppose -x*s + 3*h = h + 26, s + 5*h = -3. List the prime factors of s/(-4 - -2) + 152.
2, 3, 13
Suppose 14 = -18*t + 104. Suppose -f = 3*j - 628, -j - 4*j = -t*f + 3180. List the prime factors of f.
2, 317
What are the prime factors of (-9740976)/(-210) + (-4)/(-10)?
2, 3, 859
Let l(u) = 7722*u - 1518. What are the prime factors of l(7)?
2, 3, 11, 199
Let d = -744 + 2319. Suppose -5*o = 2*o - d. Let l = 375 - o. List the prime factors of l.
2, 3, 5
Let p(a) be the second derivative of -a**5/20 - 2*a**4/3 + a**3/3 + 5*a**2/2 + 41*a. List the prime factors of p(-10).
5, 37
Suppose -11*y = 9*y - 219680. List the prime factors of y.
2, 1373
Let a(f) = -4*f**3 - 14*f**2 + 39*f - 133. List the prime factors of a(-17).
2, 5, 1481
Let x = -41 + 29. Let n be (-12)/x + 778/2 + 2. Suppose 2*o + 0*o = -4*j + n, 0 = -5*j + 5*o + 520. List the prime factors of j.
2, 5
Let r(o) be the second derivative of -23*o**5/5 - o**4/4 - o**3/6 - o**2 + 10*o - 4. List the prime factors of r(-2).
2, 181
Let i be (39*(-4)/10)/((-5)/275). Suppose -6*d + i = -1386. What are the prime factors of d?
2, 11, 17
Let a = -106 - -108. Suppose 4*f - 710 = a*k, 3*k - 264 = -2*f + 79. What are the prime factors of f?
2, 11
Suppose 0 = 12*l - 11*l + 5*b - 11780, 0 = -4*b + 20. List the prime factors of l.
5, 2351
Let i = -2297 + 4276. Let c = i + -234. What are the prime factors of c?
5, 349
Suppose 21*a - 32057 = 136678. List the prime factors of a.
5, 1607
Let m be 75/(-30) + 3/18*3. What are the prime factors of (2/(-5))/(m*5/35575)?
1423
Let t = 970 - 1427. Let g = t - -991. What are the prime factors of g?
2, 3, 89
Let p = -559 + 291. List the prime factors of (4 - 1 - p) + -1.
2, 3, 5
Let i(q) = 2*q**3 - 93*q**2 + 77*q + 167. What are the prime factors of i(49)?
3, 5, 1063
Suppose 3*y - 5*t - 22 = 0, 0*y - t = -y + 4. Let q be y*(3 + 0) + 10. Suppose -6*n - 9 = -q*n. What are the prime factors of n?
3
Suppose -48*b = -19*b - 18*b - 300762. What are the prime factors of b?
2, 3, 7, 31
List the prime factors of -1 - (193824/(-12) - 12).
7, 2309
Suppose 74*w - 68929 = 67*w. What are the prime factors of w?
43, 229
Let c = -39 - -44. Suppose 521 = c*w - g, -4*w + 3*g = -9*w + 517. List the prime factors of w.
2, 13
Let j = -85 - -87. Let v be (j/(-5))/((-6)/15). What are the prime factors of 21 - (v/((-1)/(-2)) - 1)?
2, 5
Let a(f) = f**3 - 56*f**2 + 118*f - 1599. What are the prime factors of a(69)?
2, 3, 1901
Let n be (-40)/(-18) + (9 - (-747)/(-81)). List the prime factors of (3 - 7/n)/((-2)/4028).
19, 53
Let j be ((-222)/(-4))/((-8)/(-16)). Suppose -339 = j*o - 114*o. List the prime factors of o.
113
Let f = 389 - 383. List the prime factors of 1 + -1 + 106 + 30/f.
3, 37
Suppose -10*w + 2420 = -35930. What are the prime factors of w?
5, 13, 59
Suppose 4*z - 4*p - 164632 = 0, 231*z - 228*z - 2*p - 123477 = 0. What are the prime factors of z?
41161
Let l = -2202 + 3780. Suppose 5*j + 3*a - l + 78 = 0, 2*j - 584 = 2*a. List the prime factors of j.
3, 11
Let i be -5 - (0 + -31)*1. List the prime factors of 2370/i + (-8)/52.
7, 13
Suppose 4*q - n = 10175, 44*q - 5*n = 45*q - 2528. What are the prime factors of q?
2543
Suppose 60*l = 63*l - 2*h + 294, -5*l - 2*h = 458. Suppose 4*d = -d - 1265. Let n = l - d. What are the prime factors of n?
3, 53
Suppose 0 + 30 = 3*y. Let u = y - -2. What are the prime factors of 122*3/u*2?
61
Suppose 800*r + 233232 = 843*r. List the prime factors of r.
2, 3, 113
Suppose p = -4*p - 5*c + 5, 8 = 5*p + 2*c. Let w be ((-6)/(-12))/1 - p/(-4). Suppose -w + 14 = o. What are the prime factors of o?
13
Suppose 17*n - 1582734 = -42*n - 59*n. What are the prime factors of n?
3, 17, 263
Let u = -249 - -265. What are the prime factors of (194/4)/(120/u + -7)?
97
Suppose 7*y - 437 + 118 = 969. List the prime factors of y.
2, 23
Suppose 0 = -3*q - 21, -d + 22051 = 4*q - 8428. List the prime factors of d.
3, 10169
Let g = 294 + -66. Suppose -38*p = 152 + 76. Let x = p + g. What are the prime factors of x?
2, 3, 37
Let s(f) be the second derivative of f**4/12 + f**3/3 + f**2/2 + 7*f + 1. Let r be s(-3). Suppose -25 = r*o - 737. What are the prime factors of o?
2, 89
Let k(n) = n**3 + n**2 + 6*n - 7. Let j be k(3). Suppose -44*b + j*b = 471. Let a = b - -84. What are the prime factors of a?
241
Let g(p) = -2*p. Let b be g(0). Suppose -29*h + 34*h - 2150 = b. What are the prime factors of h?
2, 5, 43
Let y be (-2 - -6 - -1329) + 5. Suppose o + 4*k - 3*k - 267 = 0, -5*o - 4*k + y = 0. What are the prime factors of o?
2, 3, 5
Suppose 22 - 32 = -5*t. Suppose 0 = 3*i + t*c - 28, i - 3*c + 1 = 3. Suppose -i*z - 321 = -11*z. What are the prime factors of z?
107
Let h(m) = -127*m**3 + 8*m**2 - 19*m - 112. What are the prime factors of h(-4)?
2, 3, 5, 137
Let c(r) = 87*r**2 + 49*r + 91. What are the prime factors of c(-16)?
3, 7193
Suppose 0 = -3*o + 146 + 691. Suppose 0 = -14*r + 5*r + o. What are the prime factors of r?
31
Let b(v) = v**3 + 20*v**2 - 4*v + 10. Suppose 6 = -2*o, 0 = -5*m + 3*o - 15 - 1. List the prime factors of b(m).
3, 5
List the prime factors of (221/(-52))/(0 + 5/(-68960)*2).
2, 17, 431
Suppose 14*z - 53229 = 34999. List the prime factors of z.
2, 23, 137
Suppose 2*a - 2*q - 76486 = 0, -a - 5*q + 23974 = -14323. What are the prime factors of a?
2, 73, 131
List the prime factors of (260/(-325))/((-14)/(-5)) - 189148/(-28).
5, 7, 193
What are the prime factors of 5 - 26/(156/(-9630))?
2, 5, 7, 23
Let r = 93 + -133. Let m be (-10)/r + (-18)/8 - -772. Suppose m = 6*i - 178. List the prime factors of i.
2, 79
Let o be 8/(-4) - (70 + 0). Let q = o - -57. W